3. Let c = z - -5. Calculate the remainder when c is divided by 5.
3
Suppose 0 = -2*l + 48 - 12. What is the remainder when 35 is divided by l?
17
Let y be (4/((-2)/(-2)))/(-1). Let t = y + 19. Suppose -3*i + 26 = 2. What is the remainder when t is divided by i?
7
Let b(v) = 34*v**3 - v + 1. What is the remainder when b(1) is divided by 9?
7
Suppose -2*z + 16 = -6. Suppose 0*r = -3*r. Suppose 0 = -r*o + o - 6. What is the remainder when z is divided by o?
5
Let j(k) = -k**3 - 7*k**2 - 6*k + 6. Let b be -4*(2 + (-2)/4). What is the remainder when 21 is divided by j(b)?
3
Suppose -4*y + 14 + 38 = 0. What is the remainder when 23 is divided by y?
10
Let i = 16 - 7. Let a = 46 - 43. Calculate the remainder when i is divided by a.
0
Suppose 0*v - 4*v + 32 = 0. What is the remainder when 39 is divided by v?
7
Suppose 18 = 2*g - 0*g. Calculate the remainder when 23 is divided by g.
5
Suppose k + 2*b = b + 33, -192 = -5*k + 4*b. Let q(s) = -2*s**2 - s + 6*s - k - s**3 + 32 - 2*s. Calculate the remainder when 46 is divided by q(-4).
14
Suppose -m + 49 = 2*d, -5*d + 0*m = m - 130. What is the remainder when 53 is divided by d?
26
Suppose -3*q + 25 = 2*q. Let w = 5 - -12. Calculate the remainder when w is divided by q.
2
Suppose 0 = 2*d, 0*r - 4*d = 2*r - 20. Suppose -r - 2 = -4*b. Suppose -i + 6 = -2*n, 5*i - 3*n - 14 - 2 = 0. What is the remainder when b is divided by i?
1
Let k(b) = 7*b + 5. Let c = -1 - -5. Suppose 5*t = 5*h + 45, -c*h = 4*t - 2*t - 24. Calculate the remainder when k(2) is divided by t.
9
Suppose -k + 16 = 6. Suppose -5*a - t - 9 = 0, 4*a + t - 3*t = -k. What is the remainder when a*((-117)/6)/3 is divided by 5?
3
What is the remainder when 102 is divided by -1 - (-1)/2 - 62/(-4)?
12
Suppose -4*u = -228 - 64. Let r = -235 + 254. Calculate the remainder when u is divided by r.
16
Let n = 15 - -5. Suppose -7 = -2*z + z. What is the remainder when n is divided by z?
6
Let a(r) = -3*r - 4. Calculate the remainder when a(-12) is divided by 17.
15
Let s(h) = -h**3 + 7*h**2 + 4. Suppose 23 = 3*v + 2. Let o be s(v). Suppose 16 = l - 3*a + 3, -o*l + 68 = 4*a. What is the remainder when 31 is divided by l?
15
Let l = -1 - -16. Suppose 10 + 10 = 5*m. What is the remainder when l is divided by m?
3
Let j(r) = r**2 - 12*r + 2. Calculate the remainder when 3 is divided by j(12).
1
Let q = 32 - 23. Let i(a) = -a. What is the remainder when q is divided by i(-3)?
0
Let b be 0/(-2) + 1 - -1. Suppose -3*u = -b*u - 2. Suppose 2*y - 2*f + u = 3*y, 10 = 3*y + 4*f. What is the remainder when 10 is divided by y?
4
Let h(u) = -3*u - 4. What is the remainder when h(-10) is divided by 14?
12
Let v = -20 - -40. What is the remainder when 36 is divided by v?
16
Let h be -3 - -70 - (-3)/3. Let x = h + -42. Calculate the remainder when 50 is divided by x.
24
Let p(h) = -8*h**3 - h**2. Let z(g) = -g**3 + 8*g**2 + 2*g + 9. What is the remainder when z(8) is divided by p(-1)?
4
What is the remainder when 6 is divided by 5/3*36/20?
0
Let v be (-2)/(-4) + 3/2. Let f be -1 + 16*(v + 4). Suppose f + 0 = 5*y. What is the remainder when y is divided by 7?
5
Let i be 258/21 - 8/28. Calculate the remainder when 7 is divided by 1 + i/3 - 0.
2
Suppose -91 + 235 = 4*u. What is the remainder when u is divided by 19?
17
Let i be (-3)/(-2) + 1099/14. Suppose -7*c = -2*c - i. Calculate the remainder when 47 is divided by c.
15
Suppose 194 = 3*g + 5*d - 27, 3*d + 122 = 2*g. Calculate the remainder when g is divided by 14.
11
Let o = 35 - 23. What is the remainder when 21 is divided by o?
9
Let r = 17 - 12. Suppose 4*w + 1 - 13 = 0. Suppose 0 = 5*v - 3*i - 9, w*i - 7*i = -5*v + 7. Calculate the remainder when r is divided by v.
2
Let d be 2/(-2 - (-3 - -2)). Let h(y) = 5*y**2 - 2*y + 1. What is the remainder when h(d) is divided by 13?
12
Let b = 91 - 53. Calculate the remainder when b is divided by 10.
8
Let c(j) = -j + 4. Let t be c(4). Suppose t = -4*b + 5*b - 28. Calculate the remainder when b is divided by (-2 + (-5 - -5))*-5.
8
Let a(c) = -c**3 + 7*c**2 + 4*c - 10. What is the remainder when a(7) is divided by 10?
8
Calculate the remainder when 296*(3 - 27/12) is divided by 45.
42
Let k be 6/(-21) - 74/(-14). Suppose -o + 14 - k = 0. What is the remainder when 26 is divided by o?
8
Suppose 0 = -2*z + 24 + 28. What is the remainder when z is divided by 9?
8
Suppose -4*d + 3*p - p = -42, -3*d - 5*p = 1. Let s be (10/15)/(4/186). Suppose 2*y - 4*j = 42, 4*j - 4 = y - s. Calculate the remainder when y is divided by d.
7
Let b = 6 - 4. What is the remainder when ((-148)/b)/(8/(-4)) is divided by (39/6)/((-5)/(-10))?
11
Let g = 25 - -24. Let n = g - 6. What is the remainder when n is divided by 4/(-6) + 47/3?
13
What is the remainder when (1/(-4)*6)/(9/(-24)) is divided by 3?
1
Suppose 3*f = -23 + 119. Suppose 3*a + d = -3*d + f, 6 = 4*a - 2*d. What is the remainder when 13 is divided by a?
1
Let z(a) = 3*a**2 - 2*a - 4. Calculate the remainder when z(-3) is divided by ((-5)/20 - -4)*(-8)/(-3).
9
Suppose 9 = 2*w + 2*b + 1, 0 = 3*w - 5*b + 28. What is the remainder when 1/w - (-11 + -2) is divided by 4?
0
Let h be (1 - (0 - 1)) + 14. Let k = 7 - h. Let v = k + 27. What is the remainder when v is divided by 10?
8
Let b(r) = 14*r - 6. What is the remainder when 106 is divided by b(3)?
34
Suppose 2*w + 4*r = -3*w + 465, -4*w - 2*r = -378. What is the remainder when w is divided by 33?
31
Suppose -2*b - 17 + 111 = 0. Suppose 7*d - 2*d - 45 = 0. Suppose 2*g - d = 23. What is the remainder when b is divided by g?
15
Let v(r) = -r - 7. Let m be v(-7). Suppose m*g - 40 = -5*g. Calculate the remainder when 15 is divided by g.
7
Calculate the remainder when 1*49/(-3)*-3 is divided by 13.
10
Suppose s = 2 + 21. Calculate the remainder when s is divided by 13.
10
Let p(d) = -d + 31. Suppose -5 = -3*g + 7. What is the remainder when p(20) is divided by g?
3
Let n = -26 + 41. Calculate the remainder when 42 is divided by n.
12
Let u(r) = 0 + 0 + 18*r. Suppose 5*f - f - 40 = 0. What is the remainder when u(1) is divided by f?
8
Let d = 0 + 2. Suppose -20 = -0*b - d*b. Calculate the remainder when 37 is divided by b.
7
Suppose -5*v - 585 = -4*b, 0*b + 4*v = b - 138. What is the remainder when b/9*(-36)/(-15) is divided by 21?
19
Suppose 10 = 2*y - 0. Let x be (-10)/(-6) + (-1)/(-3). Calculate the remainder when y is divided by 7/x - (-1)/(-2).
2
Let y = 14 - -24. Calculate the remainder when y is divided by 21.
17
Let j(k) = k**2 + 13*k + 2. Let h be j(-10). Let s = h - -39. What is the remainder when 19 is divided by s?
8
Let o(m) = -m**2 + 11*m - 4. Let l be o(8). Let y = -10 + l. What is the remainder when y is divided by 3 - -3 - 0 - 2?
2
Let o(j) = -4*j - 17. What is the remainder when o(-16) is divided by 16?
15
Calculate the remainder when 2/1*(-27)/(-18) + 51 is divided by 29.
25
Let y(i) be the first derivative of i**4/4 + 7*i**3/3 + 3*i**2 + 2*i + 2. Let x = 2 - -7. What is the remainder when y(-4) is divided by x?
8
Let f = 51 - 16. What is the remainder when f is divided by 24/4*2/1?
11
Suppose -2*o - 43 = -3*o. Suppose 4 = -r + 2*r + 3*s, s + o = 2*r. Let t = -6 + r. What is the remainder when t is divided by 5?
3
Let k(q) = 5*q**2 + 11. Let c(g) = 9*g**2 + g + 21. Let m(x) = 4*c(x) - 7*k(x). Calculate the remainder when 46 is divided by m(-5).
10
Let n = 11 - 15. Let k(c) = c**3 - c**2 - 2*c + 3. What is the remainder when ((-430)/(-15))/(n/(-6)) is divided by k(3)?
13
Let p(z) = -z**2 + 2*z + 2. Let o be p(4). Let x be (-4)/o - 32/12. Let g = x - -16. Calculate the remainder when 41 is divided by g.
13
Let y = 3 + 18. Let k be (-44)/6 + (-13)/(-39). Let l = k + y. What is the remainder when 40 is divided by l?
12
Suppose 2*c + 73 = 3*k, -4*k - 6*c = -4*c - 74. Let x be (8/6)/(6/9). Suppose 0 = -x*t + 5*t - 33. What is the remainder when k is divided by t?
10
Suppose a = -0*o + 5*o - 15, a - 21 = -4*o. Suppose -3*v = -b - 2*b + 12, a*v - 22 = -2*b. Calculate the remainder when 23 is divided by b.
5
Let g(a) = 11*a**2 - a - 1. Let c(r) = -r**3 - 8*r**2 - r - 2. Let u be c(-4). Let l = u + 93. What is the remainder when l is divided by g(-1)?
9
Suppose 5 = 3*r - 4, 19 = s + 5*r. Suppose 34 = s*k + 2*m, -3*k - 5*m + 36 = 7. Let b = 22 - 8. What is the remainder when b is divided by k